{"id":3,"date":"2018-09-21T06:39:39","date_gmt":"2018-09-21T04:39:39","guid":{"rendered":"https:\/\/www.mullor.com\/?page_id=3"},"modified":"2020-04-20T19:44:58","modified_gmt":"2020-04-20T17:44:58","slug":"politica-privacidad","status":"publish","type":"page","link":"https:\/\/www.mullor.com\/ca\/politica-privacidad\/","title":{"rendered":"Pol\u00edtica de Privacidad"},"content":{"rendered":"<h2>INFORMACI\u00d3N DE TRATAMIENTO DE DATOS DE CAR\u00c1CTER PERSONAL<\/h2>\n<p>En cumplimiento del deber legal de informaci\u00f3n establecido en la Ley 3\/2018 de Protecci\u00f3n de Datos Personales y Garant\u00eda de los Derechos Digitales y en el art\u00edculo 13 de Reglamento (EU)2016\/679 se les facilita la siguiente informaci\u00f3n b\u00e1sica relativa a los datos personales facilitados.<\/p>\n<p><strong>Responsable del Tratamiento<\/strong><br \/>\nMullor, S.A.<br \/>\nA08440323<br \/>\nCalle Marqu\u00e9s de Sentmenat, 74, baixos, 08029, Barcelona<br \/>\n902504405<br \/>\nmullor@mullor.com<\/p>\n<p><strong>Finalidades del Tratamiento<\/strong><br \/>\nTratamos la informaci\u00f3n que nos facilita con el fin de cumplir <strong>con el deber de informaci\u00f3n previa y servicios proporcionados por nuestra empresa<\/strong>. Se utilizar\u00e1 su correo electr\u00f3nico para gestionar el env\u00edo de la informaci\u00f3n que nos solicite y para<br \/>\nfacilitarle ofertas de productos y servicios nuevos que pudieran ser de su inter\u00e9s. Los datos personales proporcionados ser\u00e1n conservados el tiempo m\u00ednimo necesario para satisfacer la finalidad para la cual los facilit\u00f3, as\u00ed como para atender las<br \/>\nresponsabilidades que se pudieran derivar de los datos suministrados y de cualquier otra exigencia legal.<\/p>\n<p><strong>Legitimaci\u00f3n del Tratamiento<\/strong><br \/>\nLa base legal para el tratamiento de sus datos es su <strong>consentimiento previo para enviarle informaci\u00f3n sobre productos y servicios y el inter\u00e9s leg\u00edtimo del responsable en darle respuesta a las cuestiones planteadas<\/strong>.<\/p>\n<p><strong>Destinatarios<\/strong><br \/>\nSi solicita informaci\u00f3n de nuestros servicios <strong>no est\u00e1 prevista cesi\u00f3n alguna. Si finalmente contrata alguno de nuestros servicios las cesiones previstas ser\u00e1n las m\u00ednimas y necesarias para el correcto cumplimiento del servicio contratado, su formalizaci\u00f3n, pago y facturaci\u00f3n. NO<\/strong> se prev\u00e9n transferencia de datos a terceros pa\u00edses<\/p>\n<p><strong>Derechos<\/strong><br \/>\nUsted tiene derecho a obtener informaci\u00f3n sobre si estamos tratando datos personales que le conciernen o no. Podr\u00e1 ejercer los derechos de acceso, rectificaci\u00f3n, supresi\u00f3n,<br \/>\nlimitaci\u00f3n, portabilidad y cancelaci\u00f3n sobre sus datos personales. En cualquier momento el interesado puede retirar el consentimiento prestado sin que ello afecte a la licitud del tratamiento, as\u00ed como la posibilidad de acudir ante la autoridad de control competente (AEPD).<\/p>\n<p><strong>Procedencia<\/strong><br \/>\nLos datos personales proceden de la persona interesada y\/o de proveedores a los que haya prestado su consentimiento. La categor\u00eda de datos que tratamos son: identificativos (nombre, apellidos, DNI, tel\u00e9fono), direcciones postales y electr\u00f3nicas para comunicaciones Debido a la actividad principal y a los servicios contratados y \/o solicitados <strong>NO<\/strong> se tratan datos especialmente protegidos.<\/p>\n<h2>Pol\u00edtica sobre Redes Sociales (LOPD-RUE)<\/h2>\n<p>En cumplimiento de lo dispuesto por <strong>Reglamento Europeo UE de Protecci\u00f3n de Datos de Car\u00e1cter Personal, 2016\/679, Mullor, S.A.<\/strong> informa que cuenta con presencia y v\u00ednculo en su WEB con redes sociales Facebook, Instagram y Twitter y les da uso para mantener informado a sus clientes de los productos, servicios y novedades, as\u00ed como plataforma de difusi\u00f3n de sus actividades formativas por todo ello les informamos que;<\/p>\n<p>Los datos recogidos mediante dichas redes sociales son tratados conforme a los requisitos legales exigidos en el<strong> Reglamento UE de Protecci\u00f3n de Datos<\/strong>, Si usted considera interesante ser nuestro FAN\/SEGUIDOR en este tipo de redes sociales, sepa que por seguirnos usted est\u00e1 cediendo sus datos a dichas plataformas y deber\u00e1 por ello de conocer y aceptar el uso que estas plataformas hacen de sus datos.<\/p>\n<p>Asimismo, le indicamos que <strong>Mullor, S.A.<\/strong> no tratar\u00e1 sus datos para otro fin que no sea \u00fanica y exclusivamente el consentido por el usuario y aceptado, cumpliendo de esta forma el principio de calidad dispuesto en la Ley Org\u00e1nica de Protecci\u00f3n de Datos.<\/p>\n<p>El interesado podr\u00e1 darse de baja en dichas redes sociales, con un sencillo \u201cya no me gusta\u201d si bien ponemos a su disposici\u00f3n el siguiente correo electr\u00f3nico <strong>mullor@mullor.com<\/strong> con el fin de facilitar la comunicaci\u00f3n para cualquier duda en relaci\u00f3n a su tratamiento, denuncia de fotos etc.<\/p>\n<h2>Registro &#8211; Usuario<\/h2>\n<p>Al utilizar la WEB <strong>www.mullor.com<\/strong> el usuario no siempre debe facilitar un nombre, un correo electr\u00f3nico sino que puede optar por navegar en la web sin necesidad de registro. S\u00f3lo si desea solicitar informaci\u00f3n a trav\u00e9s del formulario de contacto deber\u00e1 facilitar los datos m\u00ednimos requeridos y aceptar la pol\u00edtica e privacidad.<\/p>\n<p>Aceptando la pol\u00edtica de privacidad da su consentimiento expreso para que le facilitemos la informaci\u00f3n solicitada as\u00ed como para la posible recepci\u00f3n de boletines con informaci\u00f3n sobre ofertas, a cuyos efectos declara que toda la informaci\u00f3n suministrada a la hora de solicitar la informaci\u00f3n es verdadera, completa y precisa y que de conformidad con la <strong>Ley Org\u00e1nica 3\/2018 de 5 de diciembre de Protecci\u00f3n de Datos Personales y Garant\u00eda de los Derechos Digitales y al Reglamento Protecci\u00f3n de Datos de Car\u00e1cter Personal UE 679\/2016 de 27 de abril de 2016 <\/strong>debiendo aceptar su tratamiento.<\/p>\n<p>La persona que solicitan informaci\u00f3n sobre servicios o productos ofertados en la WEB autoriza expresamente a <strong>Mullor, S.A.<\/strong> para que proceda a incluir sus datos en su registro de actividades automatizado concretamente denominado \u201cCOMUNICACIONES Y CONTACTOS WEB\u201d conforme al art\u00edculo 30 del Reglamento Protecci\u00f3n de Datos de Car\u00e1cter Personal UE 679\/2016 de 27 de abril de 2016 resultando que los datos de car\u00e1cter personal que proporcionados en los campos del formulario son necesarios para la adecuada prestaci\u00f3n de solicitud de informaci\u00f3n cuya recogida tiene como finalidad:<\/p>\n<ul>\n<li>Poder ofrecerle respuesta a su solicitud<\/li>\n<li>Mantenerle informado de ofertas y promociones similares a las contratadas.<\/li>\n<\/ul>\n<h2>Limitaci\u00f3n de Responsabilidad<\/h2>\n<p><strong>Mullor, S.A.<\/strong> efect\u00faa los mayores esfuerzos para la actualizaci\u00f3n, mantenimiento y funcionamiento de su sitio WEB, ofreciendo al Usuario este sitio como una herramienta para la informaci\u00f3n corporativa y de servicios, no obstante, <strong>Mullor, S.A.<\/strong> no puede garantizar la ausencia de fallos t\u00e9cnicos, la seguridad total del servicio WEB, ni que el mismo este operativo las 24 horas del d\u00eda, siete d\u00edas a la semana en todo momento.<\/p>\n<h2>Propiedad Industrial e Intelectual<\/h2>\n<p>Esta WEB es propiedad de<strong> Mullor, S.A.<\/strong> los derechos de Propiedad Intelectual y derechos de explotaci\u00f3n y reproducci\u00f3n de esta WEB, de sus p\u00e1ginas, pantallas, la informaci\u00f3n que contienen, su apariencia y dise\u00f1o, as\u00ed como los v\u00ednculos (\u00abhiperlinks\u00bb) que se establezcan desde ella a otras p\u00e1ginas WEB de cualquier sociedad anunciante en la misma, son propiedad exclusiva de \u00e9sta y dem\u00e1s anunciantes conforme a sus WEB\u00b4s corporativas, salvo que expresamente se especifique otra cosa. Cualquier denominaci\u00f3n, dise\u00f1o y\/o logotipo, foto, as\u00ed como cualquier producto o servicio ofrecidos y reflejados en esta p\u00e1gina WEB, son propiedad de <strong>Mullor, S.A.<\/strong><\/p>\n<p>Cualquier uso indebido de las mismas por personas diferentes de su leg\u00edtimo titular y sin el consentimiento expreso e inequ\u00edvoco por parte de \u00e9ste podr\u00e1 ser denunciado y perseguido a trav\u00e9s de todos los medios legales existentes en el Ordenamiento Jur\u00eddico espa\u00f1ol y\/o comunitario.<\/p>\n<p>Los derechos de autor, propiedad intelectual y marcas de terceros si los hubiese est\u00e1n destacados convenientemente y deben ser respetados por todo aqu\u00e9l que acceda a esta p\u00e1gina, no siendo responsabilidad de <strong>Mullor, S.A.<\/strong> el uso que el usuario pueda llevar a cabo al respecto, recayendo la responsabilidad exclusiva en su persona.<\/p>\n<p><strong>Mullor, S.A.<\/strong> se reserva la facultad de modificar, suspender, cancelar o restringir el contenido de la WEB, los v\u00ednculos o la informaci\u00f3n obtenida a trav\u00e9s de ella, sin necesidad de previo aviso. \u00c9sta, en ning\u00fan caso, asume responsabilidad alguna como consecuencia de la incorrecta utilizaci\u00f3n de la WEB que pueda llevar a cabo el usuario, tanto de la informaci\u00f3n como de los servicios en ella contenidos.<\/p>\n<h2>Legislaci\u00f3n Aplicable<\/h2>\n<p>Ley Org\u00e1nica 3\/2018 de 5 de diciembre de Protecci\u00f3n de Datos Personales y Garant\u00eda de los Derechos Digitales, Reglamento de Protecci\u00f3n de Datos de Car\u00e1cter Personal UE 679\/2016 de 27 de abril de 2016 y Ley 34\/2002 de 11 de julio de Servicios de la Sociedad de la Informaci\u00f3n y de Comercio Electr\u00f3nico.<\/p>","protected":false},"excerpt":{"rendered":"<p>INFORMACI\u00d3N DE TRATAMIENTO DE DATOS DE CAR\u00c1CTER PERSONAL En cumplimiento del deber legal de informaci\u00f3n establecido en la Ley 3\/2018 de Protecci\u00f3n de Datos Personales y Garant\u00eda de los Derechos Digitales y en el art\u00edculo 13 de Reglamento (EU)2016\/679 se les facilita la siguiente informaci\u00f3n b\u00e1sica relativa a los datos personales facilitados. Responsable del Tratamiento Mullor, S.A. A08440323 Calle Marqu\u00e9s<\/p>\n<p><a class=\"more-link\" href=\"https:\/\/www.mullor.com\/ca\/politica-privacidad\/\">Read More<\/a><\/p>","protected":false},"author":1,"featured_media":0,"parent":0,"menu_order":0,"comment_status":"closed","ping_status":"closed","template":"templates\/template-full-width.php","meta":{"footnotes":""},"class_list":["post-3","page","type-page","status-publish","hentry"],"aioseo_notices":[],"_links":{"self":[{"href":"https:\/\/www.mullor.com\/ca\/wp-json\/wp\/v2\/pages\/3","targetHints":{"allow":["GET"]}}],"collection":[{"href":"https:\/\/www.mullor.com\/ca\/wp-json\/wp\/v2\/pages"}],"about":[{"href":"https:\/\/www.mullor.com\/ca\/wp-json\/wp\/v2\/types\/page"}],"author":[{"embeddable":true,"href":"https:\/\/www.mullor.com\/ca\/wp-json\/wp\/v2\/users\/1"}],"replies":[{"embeddable":true,"href":"https:\/\/www.mullor.com\/ca\/wp-json\/wp\/v2\/comments?post=3"}],"version-history":[{"count":3,"href":"https:\/\/www.mullor.com\/ca\/wp-json\/wp\/v2\/pages\/3\/revisions"}],"predecessor-version":[{"id":1896,"href":"https:\/\/www.mullor.com\/ca\/wp-json\/wp\/v2\/pages\/3\/revisions\/1896"}],"wp:attachment":[{"href":"https:\/\/www.mullor.com\/ca\/wp-json\/wp\/v2\/media?parent=3"}],"curies":[{"name":"wp","href":"https:\/\/api.w.org\/{rel}","templated":true}]}}

Política de Privacidad

<h2>INFORMACIÓN DE TRATAMIENTO DE DATOS DE CARÁCTER PERSONAL</h2>
<p>En cumplimiento del deber legal de información establecido en la Ley 3/2018 de Protección de Datos Personales y Garantía de los Derechos Digitales y en el artículo 13 de Reglamento (EU)2016/679 se les facilita la siguiente información básica relativa a los datos personales facilitados.</p>
<p><strong>Responsable del Tratamiento</strong><br />
Mullor, S.A.<br />
A08440323<br />
Calle Marqués de Sentmenat, 74, baixos, 08029, Barcelona<br />
902504405<br />
mullor@mullor.com</p>
<p><strong>Finalidades del Tratamiento</strong><br />
Tratamos la información que nos facilita con el fin de cumplir <strong>con el deber de información previa y servicios proporcionados por nuestra empresa</strong>. Se utilizará su correo electrónico para gestionar el envío de la información que nos solicite y para<br />
facilitarle ofertas de productos y servicios nuevos que pudieran ser de su interés. Los datos personales proporcionados serán conservados el tiempo mínimo necesario para satisfacer la finalidad para la cual los facilitó, así como para atender las<br />
responsabilidades que se pudieran derivar de los datos suministrados y de cualquier otra exigencia legal.</p>
<p><strong>Legitimación del Tratamiento</strong><br />
La base legal para el tratamiento de sus datos es su <strong>consentimiento previo para enviarle información sobre productos y servicios y el interés legítimo del responsable en darle respuesta a las cuestiones planteadas</strong>.</p>
<p><strong>Destinatarios</strong><br />
Si solicita información de nuestros servicios <strong>no está prevista cesión alguna. Si finalmente contrata alguno de nuestros servicios las cesiones previstas serán las mínimas y necesarias para el correcto cumplimiento del servicio contratado, su formalización, pago y facturación. NO</strong> se prevén transferencia de datos a terceros países</p>
<p><strong>Derechos</strong><br />
Usted tiene derecho a obtener información sobre si estamos tratando datos personales que le conciernen o no. Podrá ejercer los derechos de acceso, rectificación, supresión,<br />
limitación, portabilidad y cancelación sobre sus datos personales. En cualquier momento el interesado puede retirar el consentimiento prestado sin que ello afecte a la licitud del tratamiento, así como la posibilidad de acudir ante la autoridad de control competente (AEPD).</p>
<p><strong>Procedencia</strong><br />
Los datos personales proceden de la persona interesada y/o de proveedores a los que haya prestado su consentimiento. La categoría de datos que tratamos son: identificativos (nombre, apellidos, DNI, teléfono), direcciones postales y electrónicas para comunicaciones Debido a la actividad principal y a los servicios contratados y /o solicitados <strong>NO</strong> se tratan datos especialmente protegidos.</p>
<h2>Política sobre Redes Sociales (LOPD-RUE)</h2>
<p>En cumplimiento de lo dispuesto por <strong>Reglamento Europeo UE de Protección de Datos de Carácter Personal, 2016/679, Mullor, S.A.</strong> informa que cuenta con presencia y vínculo en su WEB con redes sociales Facebook, Instagram y Twitter y les da uso para mantener informado a sus clientes de los productos, servicios y novedades, así como plataforma de difusión de sus actividades formativas por todo ello les informamos que;</p>
<p>Los datos recogidos mediante dichas redes sociales son tratados conforme a los requisitos legales exigidos en el<strong> Reglamento UE de Protección de Datos</strong>, Si usted considera interesante ser nuestro FAN/SEGUIDOR en este tipo de redes sociales, sepa que por seguirnos usted está cediendo sus datos a dichas plataformas y deberá por ello de conocer y aceptar el uso que estas plataformas hacen de sus datos.</p>
<p>Asimismo, le indicamos que <strong>Mullor, S.A.</strong> no tratará sus datos para otro fin que no sea única y exclusivamente el consentido por el usuario y aceptado, cumpliendo de esta forma el principio de calidad dispuesto en la Ley Orgánica de Protección de Datos.</p>
<p>El interesado podrá darse de baja en dichas redes sociales, con un sencillo “ya no me gusta” si bien ponemos a su disposición el siguiente correo electrónico <strong>mullor@mullor.com</strong> con el fin de facilitar la comunicación para cualquier duda en relación a su tratamiento, denuncia de fotos etc.</p>
<h2>Registro &#8211; Usuario</h2>
<p>Al utilizar la WEB <strong>www.mullor.com</strong> el usuario no siempre debe facilitar un nombre, un correo electrónico sino que puede optar por navegar en la web sin necesidad de registro. Sólo si desea solicitar información a través del formulario de contacto deberá facilitar los datos mínimos requeridos y aceptar la política e privacidad.</p>
<p>Aceptando la política de privacidad da su consentimiento expreso para que le facilitemos la información solicitada así como para la posible recepción de boletines con información sobre ofertas, a cuyos efectos declara que toda la información suministrada a la hora de solicitar la información es verdadera, completa y precisa y que de conformidad con la <strong>Ley Orgánica 3/2018 de 5 de diciembre de Protección de Datos Personales y Garantía de los Derechos Digitales y al Reglamento Protección de Datos de Carácter Personal UE 679/2016 de 27 de abril de 2016 </strong>debiendo aceptar su tratamiento.</p>
<p>La persona que solicitan información sobre servicios o productos ofertados en la WEB autoriza expresamente a <strong>Mullor, S.A.</strong> para que proceda a incluir sus datos en su registro de actividades automatizado concretamente denominado “COMUNICACIONES Y CONTACTOS WEB” conforme al artículo 30 del Reglamento Protección de Datos de Carácter Personal UE 679/2016 de 27 de abril de 2016 resultando que los datos de carácter personal que proporcionados en los campos del formulario son necesarios para la adecuada prestación de solicitud de información cuya recogida tiene como finalidad:</p>
<ul>
<li>Poder ofrecerle respuesta a su solicitud</li>
<li>Mantenerle informado de ofertas y promociones similares a las contratadas.</li>
</ul>
<h2>Limitación de Responsabilidad</h2>
<p><strong>Mullor, S.A.</strong> efectúa los mayores esfuerzos para la actualización, mantenimiento y funcionamiento de su sitio WEB, ofreciendo al Usuario este sitio como una herramienta para la información corporativa y de servicios, no obstante, <strong>Mullor, S.A.</strong> no puede garantizar la ausencia de fallos técnicos, la seguridad total del servicio WEB, ni que el mismo este operativo las 24 horas del día, siete días a la semana en todo momento.</p>
<h2>Propiedad Industrial e Intelectual</h2>
<p>Esta WEB es propiedad de<strong> Mullor, S.A.</strong> los derechos de Propiedad Intelectual y derechos de explotación y reproducción de esta WEB, de sus páginas, pantallas, la información que contienen, su apariencia y diseño, así como los vínculos («hiperlinks») que se establezcan desde ella a otras páginas WEB de cualquier sociedad anunciante en la misma, son propiedad exclusiva de ésta y demás anunciantes conforme a sus WEB´s corporativas, salvo que expresamente se especifique otra cosa. Cualquier denominación, diseño y/o logotipo, foto, así como cualquier producto o servicio ofrecidos y reflejados en esta página WEB, son propiedad de <strong>Mullor, S.A.</strong></p>
<p>Cualquier uso indebido de las mismas por personas diferentes de su legítimo titular y sin el consentimiento expreso e inequívoco por parte de éste podrá ser denunciado y perseguido a través de todos los medios legales existentes en el Ordenamiento Jurídico español y/o comunitario.</p>
<p>Los derechos de autor, propiedad intelectual y marcas de terceros si los hubiese están destacados convenientemente y deben ser respetados por todo aquél que acceda a esta página, no siendo responsabilidad de <strong>Mullor, S.A.</strong> el uso que el usuario pueda llevar a cabo al respecto, recayendo la responsabilidad exclusiva en su persona.</p>
<p><strong>Mullor, S.A.</strong> se reserva la facultad de modificar, suspender, cancelar o restringir el contenido de la WEB, los vínculos o la información obtenida a través de ella, sin necesidad de previo aviso. Ésta, en ningún caso, asume responsabilidad alguna como consecuencia de la incorrecta utilización de la WEB que pueda llevar a cabo el usuario, tanto de la información como de los servicios en ella contenidos.</p>
<h2>Legislación Aplicable</h2>
<p>Ley Orgánica 3/2018 de 5 de diciembre de Protección de Datos Personales y Garantía de los Derechos Digitales, Reglamento de Protección de Datos de Carácter Personal UE 679/2016 de 27 de abril de 2016 y Ley 34/2002 de 11 de julio de Servicios de la Sociedad de la Información y de Comercio Electrónico.</p>

<p>INFORMACIÓN DE TRATAMIENTO DE DATOS DE CARÁCTER PERSONAL En cumplimiento del deber legal de información establecido en la Ley 3/2018 de Protección de Datos Personales y Garantía de los Derechos Digitales y en el artículo 13 de Reglamento (EU)2016/679 se les facilita la siguiente información básica relativa a los datos personales facilitados. Responsable del Tratamiento Mullor, S.A. A08440323 Calle Marqués</p>
<p><a class="more-link" href="https://www.mullor.com/ca/politica-privacidad/">Read More</a></p>
